?
False
Is 16552483 a composite number?
True
Is 16378421 composite?
False
Is 29856014 a prime number?
False
Is 2143793 a composite number?
False
Is 240211369 composite?
False
Is 3939259 composite?
False
Is 7173367 composite?
True
Is 223577 a prime number?
True
Is 375601 a prime number?
False
Is 170449517 a prime number?
False
Is 1949707 composite?
False
Is 9903379 a composite number?
False
Is 230017 composite?
False
Is 20873599 composite?
False
Is 697673 a composite number?
False
Is 79247083 prime?
True
Is 69937159 a composite number?
False
Is 12937763 a prime number?
False
Is 4965689 a prime number?
True
Is 54867977 a composite number?
False
Is 4128391253 prime?
False
Is 141694265 composite?
True
Is 9147253 a prime number?
True
Is 6383251 composite?
True
Is 485503 a prime number?
False
Is 501743 a prime number?
False
Is 14853359 a composite number?
True
Is 64908101 prime?
False
Is 14905273 a prime number?
False
Is 97283789 composite?
True
Is 2741741 a composite number?
False
Is 2067877781 prime?
True
Is 100093759 prime?
True
Is 6638549 a prime number?
True
Is 1072901 prime?
True
Is 68079497 a prime number?
True
Is 70607963 composite?
True
Is 12170687 composite?
True
Is 230177 a composite number?
True
Is 1054133 prime?
True
Is 16753019 prime?
True
Is 78364219 composite?
False
Is 916652129 prime?
False
Is 8734417 a composite number?
False
Is 119521421 composite?
False
Is 221941 composite?
False
Is 896263 composite?
False
Is 18136559 a composite number?
True
Is 45709255 prime?
False
Is 110507849 composite?
False
Is 8348245 a prime number?
False
Is 292123781 a prime number?
True
Is 36399161 composite?
False
Is 107190637 composite?
False
Is 217592618 a composite number?
True
Is 71054426 a prime number?
False
Is 1083547 prime?
False
Is 4196447 prime?
False
Is 66964279 composite?
True
Is 7582219 prime?
True
Is 69339505 prime?
False
Is 117329609 prime?
True
Is 47971879 prime?
True
Is 26312803 composite?
True
Is 100572427 composite?
True
Is 50486287 a prime number?
False
Is 1245661 a prime number?
False
Is 3371887 prime?
True
Is 8388811 prime?
True
Is 3027719 composite?
False
Is 109862261 prime?
False
Is 6561949 composite?
True
Is 7570481 composite?
False
Is 49801069 a composite number?
True
Is 2821451 a composite number?
False
Is 206350519 prime?
True
Is 6853247 a prime number?
True
Is 1631844721 a composite number?
True
Is 666389 prime?
False
Is 2990917 prime?
True
Is 9340109 a composite number?
False
Is 2533091 a composite number?
True
Is 240977354 composite?
True
Is 1899379 composite?
True
Is 25116041 composite?
False
Is 3824318 a composite number?
True
Is 5763871 composite?
False
Is 22795337 a prime number?
False
Is 554496233 composite?
False
Is 88371719 composite?
False
Is 228682823 prime?
True
Is 129026021 prime?
False
Is 16166203 composite?
True
Is 11022371 a composite number?
True
Is 9302393 a composite number?
False
Is 821983 a prime number?
False
Is 2541499 a composite number?
False
Is 4458337 prime?
False
Is 2990189 prime?
True
Is 5421089 prime?
True
Is 2231497 prime?
False
Is 3070699 a prime number?
True
Is 2354491 composite?
False
Is 395377 composite?
False
Is 2537851 a composite number?
False
Is 675781 composite?
False
Is 1117591 a composite number?
False
Is 452021 a prime number?
False
Is 5228627 prime?
False
Is 2762 composite?
True
Is 3025817 a prime number?
False
Is 49408753 a composite number?
False
Is 10665971 prime?
True
Is 195009 prime?
False
Is 104008519 a prime number?
True
Is 392303 composite?
True
Is 3230707 a composite number?
False
Is 150553983 composite?
True
Is 29540171 a composite number?
True
Is 295113017 a composite number?
False
Is 907198823 prime?
False
Is 483823 a prime number?
False
Is 204924145 a prime number?
False
Is 5306867 composite?
True
Is 35405177 a prime number?
True
Is 7849729 composite?
False
Is 72073 a prime number?
True
Is 329162 a prime number?
False
Is 149034023 composite?
True
Is 17218633 a composite number?
False
Is 10027483 composite?
False
Is 206448829 a composite number?
False
Is 3976033 a prime number?
False
Is 13109717 prime?
True
Is 567419 composite?
True
Is 12039589 a composite number?
True
Is 11983957 prime?
True
Is 34347781 composite?
True
Is 192210841 prime?
False
Is 5972113 composite?
True
Is 629806 a composite number?
True
Is 39171911 composite?
True
Is 359978 prime?
False
Is 113281 a composite number?
True
Is 308554097 a composite number?
True
Is 109211 a composite number?
False
Is 137895799 a prime number?
False
Is 3769889 a composite number?
True
Is 841487 composite?
True
Is 21722773 prime?
False
Is 6090215 composite?
True
Is 247449 a prime number?
False
Is 6194989 composite?
False
Is 26747023 a prime number?
True
Is 38682793 a composite number?
False
Is 252349 composite?
True
Is 13921553 a composite number?
True
Is 54396019 a composite number?
False
Is 71025671 a composite number?
True
Is 62641591 composite?
True
Is 402034117 a prime number?
False
Is 54505667 a prime number?
False
Is 806035001 a prime number?
True
Is 2867079 a prime number?
False
Is 171730346 composite?
True
Is 22068953 prime?
False
Is 97823599 prime?
True
Is 793799389 a composite number?
False
Is 27615863 a composite number?
True
Is 354845 a prime number?
False
Is 50484257 prime?
False
Is 741889 prime?
False
Is 21025861 a composite number?
False
Is 5848567 a prime number?
True
Is 439909609 prime?
True
Is 61711121 prime?
True
Is 3154889 a composite number?
False
Is 5126981 prime?
False
Is 79484669 a prime number?
False
Is 24505541 prime?
True
Is 24281 a composite number?
False
Is 18760773 a composite number?
True
Is 6136441 prime?
True
Is 16497461 prime?
True
Is 976403 prime?
True
Is 9668917 a composite number?
True
Is 14243839 a composite number?
True
Is 2459953 a prime number?
True
Is 134103413 a prime number?
False
Is 4605473 composite?
False
Is 1835653 a composite number?
True
Is 46090741 composite?
True
Is 9735731 a composite number?
False
Is 135228241 a prime number?
False
Is 144133271 a prime number?
True
Is 9606119 composite?
False
Is 594450151 prime?
False
Is 229200199 a composite number?
False
Is 2445371 a prime number?
True
Is 58187951 composite?
True
Is 434393 composite?
True
Is 1492962149 composite?
True
Is 15074327 prime?
False
Is 14410105 composite?
True
Is 1929821 prime?
True
Is 111011239 composite?
False
Is 2126027 prime?
True
Is 848607 prime?
False
Is 72428651 composite?
True
Is 8818217 composite?
True
Is 127199993 a composite number?
True
Is 80956439 a prime number?
False
Is 101712419 prime?
False
Is 33470981 composite?
False
Is 1901597 a composite number?
False
Is 2164741 a prime number?
False
Is 202200373 a composite number?
True
Is 81842503 a composite number?
False
Is 2414819 prime?
False
Is 69025163 a composite number?
True
Is 14606203 prime?
True
Is 40304245 composite?
True
Is 5874587 a prime number?
False
Is 3013147 composite?
False
Is 18169531 a composite number?
True
Is 293757829 a prime number?
False
Is 24936053 a prime number?
True
Is 33003857 prime?
True
Is 42716021 prime?
False
Is 250319 prime?
False
Is 429821 a prime number?
False
Is 59446483 a composite number?
True
Is 110530691 composite?
False
Is 308112509 a prime number?
True
Is 13272254 a prime number?
False
Is 48878387 a composite number?
False
Is 28297031 composite?
True
Is 5093609 a composite number?
False
Is 10782821 a composite number?
True
Is 4641887 a composite number?
False
Is 7723741 prime?
False
Is 1114139 composite?
True
Is 9937399 a prime number?
False
Is 34994189 prime?
True
Is 8476279 a prime number?
False
Is 15982229 a prime number?
True
Is 384179 composite?
True
Is 2951887 a composite number?
False
Is 110419 a composite number?
False
Is 1849259 composite?
False
Is 2008159 composite?
True
Is 2372179 a composite number?
False
Is 8187311 prime?
False
Is 57375707 prime?
True
Is 13431911 composite?
False
Is 48512927 prime?
False
Is 499169114 prime?
False
Is 259746863 composite?
True
Is 386359483 a prime number?
True
Is 1293161 a composite number?
True
Is 14625913 a composite number?
False
Is 82360541 prime?
True
Is 3344897 a prime number?
True
Is 25195915 prime?
False
Is 497397 prime?
False
Is 769319 a composite number?
False
Is 248066647 prime?
True
Is 38267911 composite?
True
Is 5255885 a composite number?
True